 w a prime number?
True
Let h = -395841 - -2036630. Is h a prime number?
False
Let l = 45 - 40. Let s be (l - 6)*(2 + -6). Is ((-22)/s + 2)*-178 a composite number?
True
Let z be -26 - (4/(-2) + -3). Let c be (-3 - z/(-15))/((-6)/(-120)). Let v = -54 - c. Is v a composite number?
True
Let l = -1762 - -3060. Suppose -3*i + 5579 = -2*b, 5*i = 5*b - 9*b + 9335. Let u = i - l. Is u a prime number?
False
Let v(d) = -194*d + 19. Is v(-2) a prime number?
False
Let u = 9412 - -3481. Is u composite?
False
Let y(p) = 22*p - 138. Let g be y(0). Let a = 225 + g. Is a composite?
True
Let c(q) = 38*q**2 + 20*q - 13. Suppose 3*s = -9, 0*s = -5*n + s + 48. Let t be c(n). Suppose -x + 2126 = 4*d - 457, 2*x = 5*d - t. Is d a composite number?
False
Let h = -239 - -241. Suppose -978 = -2*k + r, -1135 = 5*k + h*r - 3562. Is k composite?
False
Let g(v) = 2564*v**3 - v**2 - 28*v + 55. Is g(2) prime?
True
Is (-442330)/(-8) + (-34)/136 a composite number?
False
Let l = -6 + 10. Suppose -2*k + 8 = -g + 4, -l*k = g - 8. Suppose 3*i - 778 - 341 = g. Is i composite?
False
Suppose 37*m + 20 = 42*m. Let k(d) = -d**2 + 3*d + 8. Let f be k(m). Is (-66)/(-44) + ((-254)/f)/(-1) a composite number?
True
Suppose -418 = -5*l - 403. Suppose l*f = -0*c - 3*c + 2706, -2711 = -3*c - 2*f. Is c a composite number?
False
Let v(k) = k**3 - 9*k**2 - 12*k + 2. Let y be v(10). Let g(p) = -p**3 - 4*p**2 + 7*p - 41. Is g(y) a composite number?
True
Suppose -81*h + 78386832 + 88081232 = 41385353. Is h composite?
True
Let d(j) = -j**3 + 3*j**2 + 8*j + 6. Let n be d(5). Is n - 61788/(-4) - (6 - 2) prime?
True
Let p be (-6)/(((-63)/(-6))/(-7)). Suppose -i - 5*m = -4 + 14, 2*i - p*m - 8 = 0. Suppose 5*j - 3*q - 1529 = 0, 4*q + i*q = j - 299. Is j a composite number?
False
Suppose 4*n = 5*w + 6*n - 23, 5*w - n = 11. Suppose 4*k = w*k + 37. Is (k/(-2) + 0)/(1/(-10)) a prime number?
False
Let p be (-4)/(4 - (-48)/(-9)). Suppose -3*s = p*k - 55386, 0 = -36*s + 41*s - k - 92304. Is s a prime number?
True
Let a(c) = 13922*c**2 + 78*c - 165. Is a(2) a prime number?
False
Let l(h) be the third derivative of 587*h**4/24 + 7*h**3/6 - 8*h**2 + 3*h. Is l(2) prime?
True
Let t = -146 - -105. Let p = t + 41. Is ((-962)/4)/(p - (-1)/(-2)) composite?
True
Is ((-19724)/(9 - 5))/((-2)/74) prime?
False
Suppose 0 = -4*c + 6*j + 455224, -19*j = -4*c - 15*j + 455228. Is c prime?
True
Suppose 3*h - 6*h + 3 = 0, -3*i = -2*h + 2. Let n be (1 - 2 - -3)*23. Suppose -a + n + 3 = i. Is a a composite number?
True
Let z be (32/6 - 4)*(-16209)/(-6). Let d = z + -1569. Is d prime?
False
Suppose -5*d = 8 + 12. Is 3/((-66)/d) + (-8807497)/(-451) composite?
True
Let g = -438 - -537. Is (6*36289/g)/(4/6) a prime number?
True
Let h(w) = 45*w + 44. Let z be h(4). Let r = z - -8277. Is r prime?
True
Suppose 5*f = 15 + 15. Suppose -x + 4*v = -5381, -2*x - f*v + 10827 = -v. Is x a composite number?
True
Let x(z) = 4*z - z**3 + 0*z + 9 - 8*z - z + 9*z**2. Let o(w) = -w**3 + 6*w**2 + 9*w - 8. Let h be o(7). Is x(h) prime?
False
Is 65139/18*(-23)/(23/(-6)) a composite number?
False
Let c(v) = 42*v**2 - 2*v - 12. Let a be c(4). Suppose -5*w + w + 293 = -x, 0 = -4*w - 20. Let h = a + x. Is h composite?
True
Let w(r) be the second derivative of r**5/10 - r**4/4 - 4*r**3/3 + 19*r**2 + 124*r. Is w(17) a composite number?
False
Let t = 241786 - 31439. Is t a composite number?
False
Suppose -12 = -4*x, -24*k + 1543180 = -19*k + 5*x. Is k a composite number?
True
Suppose 2*l = -14*l - 70480. Let w = 6738 + l. Is w a prime number?
True
Let r(z) be the first derivative of 202*z**3/3 + z**2/2 + 7*z + 36. Is r(5) a composite number?
True
Let n be 1162/3 - 28/(-42). Suppose f - n = -84. Let o = f + -51. Is o a prime number?
False
Let b be 2 + 11/13 + 70/455. Suppose b*v = 4*f - 927 - 1024, 3*f - 4*v = 1465. Is f composite?
False
Let p(j) = -919*j + 22. Let m be p(-6). Let g = m + -275. Is g a prime number?
True
Suppose -3*j = 5*f + 6, -4*j + 21 = -0*f - 3*f. Is 6005 + f/15 + 55/25 prime?
True
Suppose 8253 = 2*p + 1405. Let c = p - -958. Is (2 - c/10)/((-1)/5) composite?
True
Is (2/7 - 0) + 32/(2240/14139210) a prime number?
False
Let j(o) = -2*o**3 - 23*o**2 - 2*o + 10. Let b be j(-16). Suppose 2*i = -r + b, -1751 = -3*r + 5*i + 5309. Let s = -1235 + r. Is s a composite number?
True
Let t = 1983 - -21468. Suppose 3*l - 3*w = t, 3*l + 2*w = -2*w + 23451. Is l a composite number?
False
Is 2/81 + (-8287188910)/(-12474) prime?
True
Suppose 79*r - 78*r = -4. Let p be (-3 - (r - -1))*2/(-2). Suppose -20*o + 24*o - 2228 = p. Is o a prime number?
True
Suppose -256604 = 1182*g - 1186*g. Is g a composite number?
False
Suppose 50731*z - 16840420 = 50711*z. Is z a composite number?
False
Let o = -172024 - -260081. Is o prime?
False
Is (5/25)/(12/20)*680973 prime?
True
Suppose 1409640 = 5*u + 5*k, 150*u - 151*u - 3*k = -281942. Is u composite?
False
Suppose 29*q - 12567532 = -5*k, 7*q - 866730 = 5*q - 4*k. Is q a composite number?
True
Let i(n) = 14*n - 43. Let l(g) = 13 + g + 6 + 6 - 26. Let w(v) = -i(v) + 3*l(v). Is w(-13) prime?
False
Is (1 - 76823)/(-59 - -57) prime?
False
Suppose 2*z = 5*a - 2372, -5*a + 2988 = -4*z + 624. Is ((-11)/(-4))/(17/a) a prime number?
False
Let y(c) = -1263*c + 3935. Is y(-32) prime?
True
Suppose -5*x = -3297 - 2033. Suppose 6831 = -o - 10*o. Let b = o + x. Is b prime?
False
Suppose 140*k - 37*k - 3982907 = 0. Is k prime?
True
Let z be (18/8)/(30/880). Suppose -t - x = 28 + 2, -3*t + 5*x = z. Is 994/18 + 6/t composite?
True
Suppose -65*n + 1509093 + 421183 = -2803609. Is n composite?
True
Let l = -2144 - -3599. Let y = l - 793. Is y composite?
True
Let j(v) = 56*v**2 - 21*v - 9. Let o be j(10). Is (-2)/((-6)/o)*(-23 - -26) composite?
False
Suppose 4*t - n + 24 = 2*n, 3*t - 2*n + 19 = 0. Let i = t + 12. Is (5 - i)/((-2)/(-1174)) composite?
True
Let v(w) = w**3 - 36*w**2 + 34*w + 41. Let a be v(35). Is (a + 0 + -7)*-635 composite?
True
Let o = 648225 - 416992. Is o a composite number?
True
Suppose -149812 + 784604 = 8*v. Is v composite?
False
Let g(l) = 432*l**2 - 377*l + 38. Is g(-13) prime?
False
Suppose k = w + 631044, 4*k + 365*w - 2524171 = 364*w. Is k a prime number?
False
Suppose 0*o = -2*o + 2200. Let a = 84 + o. Suppose 2*g = -3*s + 441 + 1323, 2*s + 4*g = a. Is s composite?
True
Let s(w) = 8*w**3 + 65*w**2 - 117*w + 92. Let t(m) = -3*m**3 - 22*m**2 + 39*m - 31. Let z(n) = -4*s(n) - 11*t(n). Suppose 9*c + 18 = 171. Is z(c) composite?
False
Let z(w) = w**3 + 6*w**2 - 2*w - 10. Let p be 728/(-117) - (-2)/9. Let f be z(p). Suppose -f*h - 3*l = -18686, l - 8 = -l. Is h prime?
True
Let m(j) = 41*j**3 + j**2 + 7*j + 10. Let w be m(4). Let c = w + -361. Is c a prime number?
False
Let y = 526423 + -293076. Is y a prime number?
True
Suppose 18*s - 16*s + 374 = 0. Let n = -359 - s. Let p = 587 + n. Is p composite?
True
Suppose -75*b - 28*b + 10412620 = -10714019. Is b a composite number?
True
Let p(v) = 173*v + 14. Let l(i) = 3*i**2 - 2*i - 2. Let g be l(-1). Let y be 2 - (-15 - (-8)/12*g). Is p(y) prime?
True
Let h(p) = -6497*p - 121. Suppose 4*n + 106 = 90. Is h(n) a composite number?
False
Let t = -2308024 + 4461885. Is t a composite number?
False
Let m be ((-33616)/110)/(3/15). Let v = 2865 + m. Is v a composite number?
True
Suppose 20*w - 23*w = -i + 198688, -4 = -4*w. Is i a composite number?
True
Let p(b) = 2*b**2 - 4*b + 4. Let v be p(2). Suppose 0 = 2*o + v*s - 24041 - 4199, 2*o + s = 28225. Let n = o + -9845. Is n a composite number?
True
Let o be (0 + -443)/(19 - 20). Suppose k - 86 - o = 0. Suppose -k + 1899 = 5*l. Is l a prime number?
False
Let x = -172505 + 453694. Is x prime?
True
Let i(n) = n - 6. Let h be i(8). Suppose -h*x = -1314 - 592. Suppose -2*u = -3*b - u + x, -5*b - 5*u + 1615 = 0. Is b composite?
True
Suppose 13*y + 397457 - 75018 = 0. Let p = y - -72400. Is p composite?
True
Suppose -21*c = -28 - 35. Let g(n) = 218*n**2 + 14*n - 25. Is g(c) a composite number?
False
Suppose -3*v + 125 + 19 = 0. Let g = v + -55. Is 22/6*(g - -298) prime?
False
Let b(j) = 109*j**3 + 6*j**2 - 3*j + 7. Let p(r) = 110*r**3 + 5*r**2 - 2*r + 6. Let s(m) = 4*b(m) - 5*p(m). Let z = 229 - 230. Is s(z) a prime number?
True
Let r(t) be the third derivative of t**5/10 + 5*t**3/6 - 15*t**2. Let m be r(-3). Let k = m - -3. Is k a prime num